396 a multiple of 14?
False
Is 554368 a multiple of 488?
True
Is 736551 a multiple of 209?
False
Is 950 a factor of 1161850?
True
Does 14 divide 148246?
True
Is 4 a factor of 111016?
True
Is 21 a factor of 203850?
False
Is 31 a factor of 195069?
False
Does 10 divide 7676322?
False
Does 31 divide 18662?
True
Is 736 a factor of 2375072?
True
Is 13 a factor of 305051?
False
Does 48 divide 5642810?
False
Is 4369488 a multiple of 86?
True
Does 295 divide 309455?
True
Does 39 divide 12727221?
True
Is 4989060 a multiple of 18?
True
Does 57 divide 5623127?
False
Is 384629 a multiple of 155?
False
Is 74 a factor of 21312?
True
Does 541 divide 391904?
False
Does 2125 divide 3701035?
False
Does 193 divide 1213391?
True
Does 265 divide 115540?
True
Is 51366 a multiple of 62?
False
Does 250 divide 4346?
False
Does 8 divide 9350?
False
Is 534 a factor of 652051?
False
Is 3511 even?
False
Is 755916 a multiple of 7?
True
Does 900 divide 1583919?
False
Is 22990 a multiple of 10?
True
Is 100790 a multiple of 143?
False
Is 596310 a multiple of 39?
True
Does 25 divide 215950?
True
Is 78 a factor of 2886?
True
Is 2286263 a multiple of 33?
False
Is 30 a factor of 521938?
False
Is 3551948 a multiple of 4?
True
Is 405593 a multiple of 55?
False
Does 170 divide 655160?
False
Is 137 a factor of 3563233?
True
Is 12180544 a multiple of 64?
True
Does 324 divide 941868?
True
Is 216780 a multiple of 30?
True
Is 24 a factor of 5106446?
False
Is 62568 a multiple of 158?
True
Is 926302 a multiple of 23?
True
Is 9 a factor of 3706734?
False
Is 1006404 a multiple of 21?
True
Is 74928 a multiple of 42?
True
Is 114 a factor of 547428?
True
Is 4008960 a multiple of 870?
True
Does 78 divide 553176?
True
Is 41 a factor of 2665?
True
Is 21484 a multiple of 4?
True
Is 6 a factor of 64273?
False
Is 41398 a multiple of 12?
False
Is 829458 a multiple of 1218?
True
Is 275880 a multiple of 4?
True
Is 7285632 a multiple of 64?
True
Is 215 a factor of 1555217?
False
Is 3202131 a multiple of 321?
False
Is 45 a factor of 366345?
True
Does 17 divide 941732?
True
Is 54 a factor of 1723039?
False
Is 41 a factor of 3649?
True
Is 3 a factor of 238706?
False
Does 9 divide 370368?
True
Is 173717 a multiple of 24?
False
Is 1288192 a multiple of 296?
True
Is 53 a factor of 30599?
False
Is 9 a factor of 1133964?
True
Does 4 divide 84323?
False
Is 342 a factor of 3583134?
True
Is 346372 a multiple of 17?
False
Is 82800 a multiple of 200?
True
Is 86065 a multiple of 5?
True
Does 17 divide 1370417?
False
Does 63 divide 123709?
False
Does 273 divide 22007622?
True
Is 48460 a multiple of 5?
True
Does 314 divide 6460864?
True
Is 22 a factor of 2144164?
True
Is 4 a factor of 218552?
True
Is 387376 a multiple of 248?
True
Is 432947 a multiple of 230?
False
Is 32778028 a multiple of 1485?
False
Is 1120387 a multiple of 101?
False
Is 9 a factor of 1067580?
True
Is 585494 a multiple of 26?
True
Does 13 divide 529386?
True
Is 42 a factor of 3682507?
False
Is 20 a factor of 7458700?
True
Is 45 a factor of 168972?
False
Is 21 a factor of 174069?
True
Is 10 a factor of 1476711?
False
Does 965 divide 174735?
False
Is 86379 a multiple of 762?
False
Is 13961 a multiple of 3?
False
Is 5 a factor of 152092?
False
Is 127 a factor of 5042535?
True
Is 714938 a multiple of 14?
True
Is 342584 a multiple of 34?
True
Is 201162 a multiple of 99?
False
Is 1224997 a multiple of 556?
False
Is 52 a factor of 246703?
False
Does 247 divide 5900830?
True
Does 18 divide 7179802?
False
Does 28 divide 255905?
False
Is 1277573 a multiple of 37?
True
Is 12462635 a multiple of 80?
False
Does 338 divide 5576914?
False
Does 68 divide 538038?
False
Is 53 a factor of 960661?
False
Does 81 divide 308434?
False
Is 4 a factor of 3519869?
False
Is 2073129 a multiple of 14?
False
Is 270 a factor of 1545512?
False
Is 159053 even?
False
Is 22740 a multiple of 6?
True
Is 2015888 a multiple of 787?
False
Does 52 divide 696691?
False
Is 6 a factor of 24594?
True
Is 4 a factor of 2689440?
True
Is 90 a factor of 4620?
False
Is 4 a factor of 66780?
True
Is 143 a factor of 72215?
True
Is 111331 a multiple of 57?
False
Does 14 divide 3797390?
False
Does 8 divide 358117?
False
Does 14 divide 6288548?
True
Is 10 a factor of 357269?
False
Does 29 divide 31669?
False
Does 44 divide 175736?
True
Does 32 divide 5954144?
True
Is 17414089 a multiple of 19?
True
Is 747 a factor of 2257702?
False
Is 730177 a multiple of 11?
False
Does 6 divide 798602?
False
Does 24 divide 151068?
False
Does 43 divide 2384092?
True
Does 7 divide 27377?
True
Is 3 a factor of 1648?
False
Does 8 divide 33835?
False
Is 109060 a multiple of 410?
True
Is 51317 a multiple of 84?
False
Is 145667 a multiple of 6?
False
Does 23 divide 86480?
True
Does 25 divide 287975?
True
Is 1617527 a multiple of 6?
False
Is 12775998 a multiple of 298?
False
Does 41 divide 677730?
True
Does 112 divide 4128432?
True
Does 81 divide 1209989?
False
Is 96 a factor of 381354?
False
Is 253112 a multiple of 58?
True
Does 2 divide 433425?
False
Is 7168992 a multiple of 1272?
True
Is 32 a factor of 2812096?
True
Does 21 divide 1423968?
True
Is 127074 a multiple of 706?
False
Is 522900 a multiple of 25?
True
Is 4668792 a multiple of 1128?
True
Is 245 a factor of 3002230?
True
Does 21 divide 162498?
True
Is 42453 a multiple of 55?
False
Does 17 divide 1587171?
True
Does 18 divide 98284?
False
Is 102 a factor of 1167594?
True
Is 145 a factor of 584966?
False
Does 487 divide 31790?
False
Is 271631 a multiple of 43?
True
Does 3 divide 531397?
False
Is 4 a factor of 3079122?
False
Is 1177 a multiple of 2?
False
Is 61761 a multiple of 500?
False
Is 12 a factor of 2771160?
True
Is 267267 a multiple of 91?
True
Does 424 divide 168135?
False
Is 14483200 a multiple of 128?
True
Is 21 a factor of 223775?
False
Is 13323 a multiple of 13?
False
Does 6 divide 583871?
False
Is 5 a factor of 2462?
False
Is 17 a factor of 11369?
False
Is 160506 a multiple of 241?
True
Is 23 a factor of 16772759?
False
Does 259 divide 574203?
True
Is 92379 a multiple of 4?
False
Is 472 a factor of 300512?
False
Is 6565 a multiple of 3?
False
Does 40 divide 383840?
True
Is 66375 a multiple of 177?
True
Does 8 divide 195064?
True
Is 50 a factor of 406004?
False
Does 151 divide 5501086?
False
Is 2188034 a multiple of 20?
False
Is 79 a factor of 9481422?
True
Is 151 a factor of 1851870?
False
Is 332689 a multiple of 7?
True
Is 379816 a multiple of 482?
True
Is 593 a factor of 12080471?
False
Is 56114 a multiple of 510?
False
Does 43 divide 400502?
True
Does 290 divide 12690664?
False
Is 83 a factor of 2340264?
False
Is 394855 a multiple of 503?
True
Is 795 a factor of 1181005?
False
Is 14700 a multiple of 15?
True
Does 53 divide 20521547?
True
Does 22 divide 315656?
True
Is 93955 a multiple of 5?
True
Does 13 divide 12330?
False
Is 8936196 a multiple of 1681?
True
Is 73 a factor of 116946?
True
Is 4 a factor of 606472?
True
Is 1895542 a multiple of 11?
True
Is 14452112 a multiple of 236?
False
Is 199 a factor of 2078552?
False
Is 22 a factor of 19880?
False
Is 31030 a multiple of 58?
True
Does 26 divide 4708392?
True
Is 355 a factor of 1859845?
True
Is 83 a factor of 306021?
True
Does 205 divide 29796?
False
Does 9 divide 368154?
True
Does 761 divide 1767479?
False
Is 919197 a multiple of 937?
True
Is 78 a factor of 6853?
False
Is 65 a factor of 7404632?
False
Does 98 divide 1131312?
True
Is 114 a factor of 1453500?
True
Is 320 a factor of 476160?
True
Is 14 a factor of 7689?
False
Is 19 a factor of 5347167?
False
Does 23 divide 588340?
True
Is 639648 a multiple of 6?
True
Is 31 a factor of 338149?
False
Is 4875288 a multiple of 44?
True
Does 133 divide 154413?
True
Is 15 a factor of 21195?
True
Does 32 divide 26637934?
False
Does 139 divide 8562678?
True
Is 1341648 a multiple of 42?
True
Does 120 divide 2285160?
True
Does 48 divide 155355?
False
Is 51738 a multiple of 195?
False
Does 26 divide 5946097?
False
Is 4 a factor of 52904?
True
Does 19 divide 1260351?
False
Is 148 a factor of 660820?
True
Does 10 divide 716770?
True
Is 63597 a multiple of 87?
True
Is 30 a factor of 1032541?
False
Does 86 divide 1427342?
True
Is 13 a factor of 315669?
False
Does 19 divide 114668?
False
Is 295 a factor of 87320?
True
Is 13238470 a multiple of 499?
True
Does 353 divide